t z(h) = -3*h + 1. Let l be z(-11). Let i be 2/4 + 470/(-20). Let f = l + i. List the prime factors of f.
11
Let k = -590 - -1381. What are the prime factors of k?
7, 113
Let g be (63/(-28))/((-2)/96). Let u = g - 60. List the prime factors of u.
2, 3
Let x be 1 + 2 - -17*1. Let i = 22 - x. What are the prime factors of -7 - -8 - i*-7?
3, 5
Let y(l) = -44*l - 8. Let m be (-3)/2 + 10/(-20). What are the prime factors of y(m)?
2, 5
Let l = -47 + 77. Let f(v) = -6*v + 2. Let r be f(-3). Let m = l + r. List the prime factors of m.
2, 5
Let r = 213 - 324. Let t = 100 - 170. Let m = t - r. What are the prime factors of m?
41
Let j be -3*(-5)/(-30) - (-3)/2. List the prime factors of (-2 + j + 35)/((-4)/(-6)).
3, 17
Let n = 8 + -6. Suppose -n*u = u. List the prime factors of u + (-1)/((-3)/12).
2
Let h be (-8)/12 - (-88)/6. Suppose -13 = -2*v + b - 6*b, 0 = 3*v + 2*b - h. Suppose -30 = -l - v*r, 52 = -3*l - 5*r + 128. What are the prime factors of l?
2, 11
Suppose 5*r - 27 = 23. Let t = r + -4. List the prime factors of t.
2, 3
What are the prime factors of 370 - -3*(-12)/18?
2, 23
Let k = 41 + 1007. List the prime factors of k.
2, 131
Let x(j) = -j**2 + 27*j + 2. What are the prime factors of x(12)?
2, 7, 13
Let d(z) = -4*z + 312. What are the prime factors of d(0)?
2, 3, 13
Let y = 3074 + -1571. What are the prime factors of y?
3, 167
Let u(a) = a**2 + 6*a + 2. Let y be u(-6). Suppose 3*r = -15, -y*c + 576 = -0*r - 4*r. List the prime factors of c.
2, 139
Let b be (((-400)/15)/(-10))/(2/27). Let p = 114 - b. List the prime factors of p.
2, 3, 13
Suppose -4*i = 3*i + 21. Let f(a) = a**2 - 5. What are the prime factors of f(i)?
2
Suppose -233 = -w + 722. Suppose 5*k - w = 2*f, -k + f = 2*k - 574. What are the prime factors of (-14)/(-91) + k/13?
3, 5
Suppose 4*y = -3*n - 0*n + 22, -y + 5*n = 6. Suppose -y*q - 20 = 0, -38 = -o + 2*q + 205. What are the prime factors of o?
233
Suppose 3*r - 560 + 72 = -z, -5*r = 5*z - 2420. List the prime factors of z.
2, 241
Let w be (2/(-8))/(6/(-72)). Suppose -4*d + 227 = w*c, -4*d + 0*d = -5*c - 187. List the prime factors of d.
53
Let u = -123 + 130. Let x(p) = 3*p**2 + 2*p - 23. List the prime factors of x(u).
2, 3, 23
Let d(g) = -g**3 - 7*g**2 + 11*g + 4. Let a be (-84)/(-20) + 3/(-15) - 14. What are the prime factors of d(a)?
2, 97
Let p = 3260 - 1720. What are the prime factors of p?
2, 5, 7, 11
Suppose 210078 - 738373 = -95*c. List the prime factors of c.
67, 83
Let a(v) = v - 7. Suppose -4*y + 2*y + 2*x = -16, -4*y - 3 = 3*x. Let o be a(y). What are the prime factors of ((-20)/(-3))/(o/(-18))?
2, 3, 5
Let n = -139 - -302. Let j = n - 134. What are the prime factors of j?
29
Let w = 26 + -26. Suppose w = p - 4*p. Let o = 19 - p. What are the prime factors of o?
19
Suppose 2*t - 3*d = -2*t - 1, -3*t - 3 = -3*d. Suppose t*j - 75 = 41. List the prime factors of j.
2, 29
Suppose 10*h - 4*h - 36 = 0. Let g be (-1 - (-3)/6)*-76. Suppose h*w = 130 + g. What are the prime factors of w?
2, 7
Let b be ((-4)/(-3 - -7))/(1 - 2). List the prime factors of 20/(-5) - (2 + -76 + b).
3, 23
Suppose 21*s = 18*s + 180. What are the prime factors of -1*5*(-828)/s?
3, 23
Let u(m) = -551*m + 59. What are the prime factors of u(-2)?
3, 43
Let z = 3 - 3. Suppose 0 = -4*q - 2*m + 2, z = 5*q - 4*m + 7*m. Suppose 0 = -q*k - k + 64. What are the prime factors of k?
2
Let y(d) = -2*d + 8. Let i be y(4). Suppose -20 = -4*t - i*t. Suppose 39 = t*m - 21. List the prime factors of m.
2, 3
Suppose 3*y = 1492 + 914. List the prime factors of y.
2, 401
What are the prime factors of (49 + -56)*(-5164)/14?
2, 1291
Suppose 5*m - 844 = 4*v + 276, -4*m - 3*v + 865 = 0. List the prime factors of m.
2, 5, 11
Let o be (-2)/(-4) - (-102)/(-4). Let w be o/2*(-6)/(-3). List the prime factors of (-410)/w - 2/5.
2
Suppose -59 = -7*h - 3. Let m(x) = 9*x - 28. What are the prime factors of m(h)?
2, 11
Let x(d) = d**3 - 10*d**2 - 19*d + 19. Let k be x(12). Suppose -k + 571 = 4*h. What are the prime factors of h?
3, 41
Let t(j) be the third derivative of -1/6*j**3 + 1/120*j**6 - 5*j**2 - 1/6*j**5 + 1/6*j**4 + 0 + 0*j. List the prime factors of t(10).
3, 13
List the prime factors of 414/15*(-200)/(-30).
2, 23
Let v(b) = b**3 - 5*b**2 - 3*b. Let z be v(6). Suppose -z = -4*s + 14. List the prime factors of 80/s*(-4)/(-2).
2, 5
Suppose u + 4*z + 34 = 3*u, 0 = 2*z + 6. Suppose 0 = 5*c - 4*m, 4*c = -m + 2*m + u. List the prime factors of ((-114)/4)/(-3)*c.
2, 19
Let a(r) = -71*r + 79. What are the prime factors of a(-2)?
13, 17
Let g(f) = -f**3 - 4*f**2 - f + 2. Let q be g(-4). Suppose 0 = -i + q - 4. Suppose 0 = 2*b + 2*r - 90, b + i*r - 13 - 35 = 0. What are the prime factors of b?
2, 3, 7
Let v = 42 - 16. List the prime factors of v.
2, 13
Suppose 0 = -2*a - 2*p + 592, -p = 2*a - 5*p - 622. Let s = a - 213. Let t = -51 + s. What are the prime factors of t?
37
Let f(n) = -19*n + 11 + 17 - 18. List the prime factors of f(-4).
2, 43
Let a(u) = u**2 - 10*u + 9. Let s be a(9). Suppose -w = -s - 75. What are the prime factors of w?
3, 5
Let h(d) = 22*d**2 - 3*d - 5. Let x be (-18)/8 + 7/28. List the prime factors of h(x).
89
Suppose f - 2 = 3, -4*v - 3*f + 15 = 0. Suppose v = 3*a + 31 - 7. Let n(m) = m**3 + 7*m**2 - 10*m - 9. What are the prime factors of n(a)?
7
Suppose -4*v - o = -5*o - 15688, -2*o = 4*v - 15688. List the prime factors of v.
2, 37, 53
Let j(t) = t**2 + 6*t + 78. List the prime factors of j(-23).
7, 67
Let f(q) = q**3 - 8*q**2 + 10*q + 12. Let i be f(6). Suppose 9*h - 40 - 482 = i. List the prime factors of h.
2, 29
Suppose -4*y = -0*y - 1260. What are the prime factors of y?
3, 5, 7
List the prime factors of (-80)/(-10)*861/4.
2, 3, 7, 41
Let u = 24 - -4. Suppose -u = -9*r + 5*r. Suppose 2*h = r*h - 100. List the prime factors of h.
2, 5
Suppose -312*p + 306*p = -4518. List the prime factors of p.
3, 251
Let d be (-3 - 287)*5/10. What are the prime factors of (d/(-30))/(2/12)?
29
Suppose 0 = -5*s - 225 + 5135. What are the prime factors of s?
2, 491
Let y(c) = 72*c + 299. What are the prime factors of y(40)?
11, 17
Suppose 5*s - 2*n = 9, 0 = -6*s + s - 4*n + 27. Suppose 0 = s*q + 67 + 44. Let f = q - -60. What are the prime factors of f?
23
Let o = -2002 - -2842. List the prime factors of o.
2, 3, 5, 7
Suppose 11*a = 15*a - 864. Let s = a + -144. List the prime factors of s.
2, 3
Let o = 818 - 523. Suppose 0*v - 2*v + 593 = -3*z, z = v - o. What are the prime factors of v?
2, 73
Let p(o) = o**3 - 8*o**2 - 10*o + 8. Let r be p(10). Suppose 0 = 2*n - 2*a - r, -a - 362 = -5*n - 96. List the prime factors of n.
53
Suppose -d = -6*d + 35. Suppose 192 = d*k - 172. List the prime factors of k.
2, 13
Suppose 2*f = -6*f + 16. Suppose -f*i - 2*l + 30 = 0, i - 8 - 7 = l. What are the prime factors of i?
3, 5
Let s(d) = 7*d**2 - 2*d - 1. Let o = 12 + -15. Let y be s(o). What are the prime factors of 1 + y/12*3?
2, 3
What are the prime factors of (287 - (-8 - -8))/((-5)/(-40))?
2, 7, 41
What are the prime factors of 1*-5 - ((-15 - 4910) + 22)?
2, 31, 79
List the prime factors of (-5)/(-10)*4 + (1 - -489).
2, 3, 41
Let h = -1258 - -2182. List the prime factors of h.
2, 3, 7, 11
Let p(f) = -333*f**3 + 2*f**2 - 2*f - 3. List the prime factors of p(-1).
2, 167
Suppose 89 = -3*i + 2*a, -5*i + 0*i - 2*a - 143 = 0. Let o = i + 50. List the prime factors of o.
3, 7
Let b = 589 + -1020. Let u = b + 629. List the prime factors of u.
2, 3, 11
Let b be 7 - 0 - (4 - 2). Suppose -5*y + 45 = 3*t, 3*t = b*y + 4*t - 55. Suppose -2 = -13*a + y*a. What are the prime factors of a?
2
Let k(w) = 14*w**2 - 6*w - 56. What are the prime factors of k(-7)?
2, 3, 7
Let v be (-1 - -2) + 8 + 4. Suppose -10*f + v*f = 6. Suppose -f*c = -91 + 13. What are the prime factors of c?
3, 13
Let x be 48/10 + 1/5. Suppose x*h + 5 = -2*r, -2*r + 5*h + 5 = -5*r. Suppose 2*a = -r*a + 14. List the prime factors of a.
7
Suppose 7*n - 1092 = 56. List the prime factors of n.
2, 41
Suppose 4*h = 3*h. Let b = 4 + h. Suppose 0 = -b*d - d + 135. List the prime factors of d.
3
Let o be 1*11 + -2 + 1. Suppose -3*g + 0 = 2*d - o, -4*d = 5*g - 14. Let a = 17 - g. List the prime factors of a.
11
Suppose -3*i = -6 - 6. Suppose j + i*f = 2*j - 40, 0 = -5*j + f + 295. Let v = j + -37. What are the prime factors of v?
2